{"id":192,"date":"2022-12-12T15:09:02","date_gmt":"2022-12-12T14:09:02","guid":{"rendered":"https:\/\/mw-ethicformation.com\/?post_type=product&#038;p=192"},"modified":"2024-01-01T00:00:56","modified_gmt":"2023-12-31T23:00:56","slug":"gestion-dappels-de-crise-aeroport","status":"publish","type":"product","link":"https:\/\/mw-ethicformation.com\/index.php\/produit\/gestion-dappels-de-crise-aeroport\/","title":{"rendered":"Gestion d\u2019appels de Crise A\u00e9roport"},"content":{"rendered":"<p><span style=\"font-weight: 400;\">Document de formation.<\/span><\/p>\n<p><span style=\"font-weight: 400;\">Phrases de r\u00e9f\u00e9rence des diff\u00e9rents moments (introduction, d\u00e9veloppement et conclusion) d\u2019un appel t\u00e9l\u00e9phonique de catastrophe face au public concern\u00e9.<\/span><\/p>\n<p><span style=\"font-weight: 400;\">Proposition concr\u00e8te de mod\u00e8le et exemple de phrase \u00e0 restituer, en situation de drame.<\/span><\/p>\n<p>Document Word en PDF.<\/p>\n","protected":false},"excerpt":{"rendered":"<p>Proposition concr\u00e8te de mod\u00e8le et exemple de phrase \u00e0 restituer, en situation de crise.<\/p>\n","protected":false},"featured_media":0,"comment_status":"open","ping_status":"closed","template":"","meta":[],"product_cat":[22],"product_tag":[],"class_list":["post-192","product","type-product","status-publish","hentry","product_cat-article-ou-support-de-formation"],"_links":{"self":[{"href":"https:\/\/mw-ethicformation.com\/index.php\/wp-json\/wp\/v2\/product\/192","targetHints":{"allow":["GET"]}}],"collection":[{"href":"https:\/\/mw-ethicformation.com\/index.php\/wp-json\/wp\/v2\/product"}],"about":[{"href":"https:\/\/mw-ethicformation.com\/index.php\/wp-json\/wp\/v2\/types\/product"}],"replies":[{"embeddable":true,"href":"https:\/\/mw-ethicformation.com\/index.php\/wp-json\/wp\/v2\/comments?post=192"}],"wp:attachment":[{"href":"https:\/\/mw-ethicformation.com\/index.php\/wp-json\/wp\/v2\/media?parent=192"}],"wp:term":[{"taxonomy":"product_cat","embeddable":true,"href":"https:\/\/mw-ethicformation.com\/index.php\/wp-json\/wp\/v2\/product_cat?post=192"},{"taxonomy":"product_tag","embeddable":true,"href":"https:\/\/mw-ethicformation.com\/index.php\/wp-json\/wp\/v2\/product_tag?post=192"}],"curies":[{"name":"wp","href":"https:\/\/api.w.org\/{rel}","templated":true}]}}