{"id":186,"date":"2022-11-21T15:41:34","date_gmt":"2022-11-21T14:41:34","guid":{"rendered":"http:\/\/mw-ethicformation.com\/?post_type=product&#038;p=186"},"modified":"2024-01-01T00:00:57","modified_gmt":"2023-12-31T23:00:57","slug":"questionnaire-expression-orale","status":"publish","type":"product","link":"https:\/\/mw-ethicformation.com\/index.php\/produit\/questionnaire-expression-orale\/","title":{"rendered":"Questionnaire Expression Orale"},"content":{"rendered":"<p><span style=\"font-weight: 400;\">Support d\u2019analyse en amont pour une recherche d\u2019am\u00e9lioration de sa communication orale professionnelle.<\/span><\/p>\n<p><span style=\"font-weight: 400;\">Document d\u2019\u00e9tude, afin de r\u00e9fl\u00e9chir sur les probl\u00e8mes que vous rencontrez, dans le discours professionnel (o\u00f9, quand, avec qui, pourquoi et comment).<\/span><\/p>\n<p>Document Word en PDF.<\/p>\n","protected":false},"excerpt":{"rendered":"<p>Document word de trois pages, mis en format PDF<br \/>\nVoir le support de formation sur la pr\u00e9paration \u00e0 l\u2019oral de concours et\/ou celui sur la prise de parole en public qui r\u00e9pondent, compl\u00e8tent et approfondissent les axes de ce questionnaire.<\/p>\n","protected":false},"featured_media":286,"comment_status":"open","ping_status":"closed","template":"","meta":[],"product_cat":[22],"product_tag":[],"class_list":["post-186","product","type-product","status-publish","has-post-thumbnail","hentry","product_cat-article-ou-support-de-formation"],"_links":{"self":[{"href":"https:\/\/mw-ethicformation.com\/index.php\/wp-json\/wp\/v2\/product\/186","targetHints":{"allow":["GET"]}}],"collection":[{"href":"https:\/\/mw-ethicformation.com\/index.php\/wp-json\/wp\/v2\/product"}],"about":[{"href":"https:\/\/mw-ethicformation.com\/index.php\/wp-json\/wp\/v2\/types\/product"}],"replies":[{"embeddable":true,"href":"https:\/\/mw-ethicformation.com\/index.php\/wp-json\/wp\/v2\/comments?post=186"}],"wp:featuredmedia":[{"embeddable":true,"href":"https:\/\/mw-ethicformation.com\/index.php\/wp-json\/wp\/v2\/media\/286"}],"wp:attachment":[{"href":"https:\/\/mw-ethicformation.com\/index.php\/wp-json\/wp\/v2\/media?parent=186"}],"wp:term":[{"taxonomy":"product_cat","embeddable":true,"href":"https:\/\/mw-ethicformation.com\/index.php\/wp-json\/wp\/v2\/product_cat?post=186"},{"taxonomy":"product_tag","embeddable":true,"href":"https:\/\/mw-ethicformation.com\/index.php\/wp-json\/wp\/v2\/product_tag?post=186"}],"curies":[{"name":"wp","href":"https:\/\/api.w.org\/{rel}","templated":true}]}}