{"id":171,"date":"2022-11-21T15:25:23","date_gmt":"2022-11-21T14:25:23","guid":{"rendered":"http:\/\/mw-ethicformation.com\/?post_type=product&#038;p=171"},"modified":"2024-07-02T14:22:47","modified_gmt":"2024-07-02T12:22:47","slug":"support-anti-fraude","status":"publish","type":"product","link":"https:\/\/mw-ethicformation.com\/index.php\/produit\/support-anti-fraude\/","title":{"rendered":"Support Anti-Fraude"},"content":{"rendered":"<p><span style=\"font-weight: 400;\">Document de formation initiale sur la fraude dans les transports publics.<\/span><\/p>\n<p><span style=\"font-weight: 400;\">Programme pr\u00e9cis et complet sur les d\u00e9finitions, les causes et les cons\u00e9quences de la fraude dans son m\u00e9tier de conducteur de bus.<\/span><\/p>\n<p>Document Word en PDF.<\/p>\n","protected":false},"excerpt":{"rendered":"<p><span style=\"font-weight: 400;\">Document word de dix neuf pages, mis en format PDF.<\/span><\/p>\n<p><span style=\"font-weight: 400;\">Identification de son r\u00f4le et de ses pouvoirs .Analyse d\u00e9taill\u00e9e des comportements les plus fr\u00e9quents .Piste des solutions d\u00e9ontologiques et \u00e9thiques sur les situations les plus fr\u00e9quentes.<\/span><\/p>\n<p><span style=\"font-weight: 400;\">Document indispensable pour mieux savoir se positionner face aux fraudeurs.<\/span><\/p>\n","protected":false},"featured_media":258,"comment_status":"open","ping_status":"closed","template":"","meta":[],"product_cat":[22],"product_tag":[],"class_list":["post-171","product","type-product","status-publish","has-post-thumbnail","hentry","product_cat-article-ou-support-de-formation"],"_links":{"self":[{"href":"https:\/\/mw-ethicformation.com\/index.php\/wp-json\/wp\/v2\/product\/171","targetHints":{"allow":["GET"]}}],"collection":[{"href":"https:\/\/mw-ethicformation.com\/index.php\/wp-json\/wp\/v2\/product"}],"about":[{"href":"https:\/\/mw-ethicformation.com\/index.php\/wp-json\/wp\/v2\/types\/product"}],"replies":[{"embeddable":true,"href":"https:\/\/mw-ethicformation.com\/index.php\/wp-json\/wp\/v2\/comments?post=171"}],"wp:featuredmedia":[{"embeddable":true,"href":"https:\/\/mw-ethicformation.com\/index.php\/wp-json\/wp\/v2\/media\/258"}],"wp:attachment":[{"href":"https:\/\/mw-ethicformation.com\/index.php\/wp-json\/wp\/v2\/media?parent=171"}],"wp:term":[{"taxonomy":"product_cat","embeddable":true,"href":"https:\/\/mw-ethicformation.com\/index.php\/wp-json\/wp\/v2\/product_cat?post=171"},{"taxonomy":"product_tag","embeddable":true,"href":"https:\/\/mw-ethicformation.com\/index.php\/wp-json\/wp\/v2\/product_tag?post=171"}],"curies":[{"name":"wp","href":"https:\/\/api.w.org\/{rel}","templated":true}]}}