{"id":168,"date":"2022-11-21T15:22:20","date_gmt":"2022-11-21T14:22:20","guid":{"rendered":"http:\/\/mw-ethicformation.com\/?post_type=product&#038;p=168"},"modified":"2024-01-01T00:00:57","modified_gmt":"2023-12-31T23:00:57","slug":"questionnaire-conduite-de-reunion","status":"publish","type":"product","link":"https:\/\/mw-ethicformation.com\/index.php\/produit\/questionnaire-conduite-de-reunion\/","title":{"rendered":"Questionnaire Conduite de R\u00e9union"},"content":{"rendered":"<p><span style=\"font-weight: 400;\">Support sur une analyse en amont de votre conduite de r\u00e9union ( voir pour la suite le support de formation conduite de r\u00e9union qui apporte \u00a0des r\u00e9ponses \u00e0 ce questionnaire).<\/span><\/p>\n<p>Document Word en PDF.<\/p>\n","protected":false},"excerpt":{"rendered":"<p><span style=\"font-weight: 400;\">Document word de deux pages, mis en format PDF.<\/span><\/p>\n<p><span style=\"font-weight: 400;\">Document de r\u00e9flexion sur la gestion des r\u00e9unions.Identification des sources de probl\u00e8me, des types de discours et des r\u00f4les tenus.<\/span><\/p>\n","protected":false},"featured_media":283,"comment_status":"open","ping_status":"closed","template":"","meta":[],"product_cat":[22],"product_tag":[],"class_list":["post-168","product","type-product","status-publish","has-post-thumbnail","hentry","product_cat-article-ou-support-de-formation"],"_links":{"self":[{"href":"https:\/\/mw-ethicformation.com\/index.php\/wp-json\/wp\/v2\/product\/168","targetHints":{"allow":["GET"]}}],"collection":[{"href":"https:\/\/mw-ethicformation.com\/index.php\/wp-json\/wp\/v2\/product"}],"about":[{"href":"https:\/\/mw-ethicformation.com\/index.php\/wp-json\/wp\/v2\/types\/product"}],"replies":[{"embeddable":true,"href":"https:\/\/mw-ethicformation.com\/index.php\/wp-json\/wp\/v2\/comments?post=168"}],"wp:featuredmedia":[{"embeddable":true,"href":"https:\/\/mw-ethicformation.com\/index.php\/wp-json\/wp\/v2\/media\/283"}],"wp:attachment":[{"href":"https:\/\/mw-ethicformation.com\/index.php\/wp-json\/wp\/v2\/media?parent=168"}],"wp:term":[{"taxonomy":"product_cat","embeddable":true,"href":"https:\/\/mw-ethicformation.com\/index.php\/wp-json\/wp\/v2\/product_cat?post=168"},{"taxonomy":"product_tag","embeddable":true,"href":"https:\/\/mw-ethicformation.com\/index.php\/wp-json\/wp\/v2\/product_tag?post=168"}],"curies":[{"name":"wp","href":"https:\/\/api.w.org\/{rel}","templated":true}]}}