{"id":162,"date":"2022-11-21T15:18:49","date_gmt":"2022-11-21T14:18:49","guid":{"rendered":"http:\/\/mw-ethicformation.com\/?post_type=product&#038;p=162"},"modified":"2024-01-01T00:00:57","modified_gmt":"2023-12-31T23:00:57","slug":"questionnaire-gestion-des-conflits","status":"publish","type":"product","link":"https:\/\/mw-ethicformation.com\/index.php\/produit\/questionnaire-gestion-des-conflits\/","title":{"rendered":"Questionnaire Gestion des Conflits"},"content":{"rendered":"<p><span style=\"font-weight: 400;\">Support d\u2019analyse en amont sur la gestion de vos conflits. <\/span><\/p>\n<p><span style=\"font-weight: 400;\">Outil de r\u00e9flexion sur vos situations \u00e0 risque : o\u00f9, quand , avec qui, pourquoi et comment.<\/span><\/p>\n<p>Document Word en PDF.<\/p>\n","protected":false},"excerpt":{"rendered":"<p>Support d\u2019analyse en amont sur la gestion de vos conflits. Outil de r\u00e9flexion sur vos situations \u00e0 risque : o\u00f9, quand , avec qui, pourquoi et comment. Document Word en PDF.<\/p>\n","protected":false},"featured_media":282,"comment_status":"open","ping_status":"closed","template":"","meta":[],"product_cat":[22],"product_tag":[],"class_list":["post-162","product","type-product","status-publish","has-post-thumbnail","hentry","product_cat-article-ou-support-de-formation"],"_links":{"self":[{"href":"https:\/\/mw-ethicformation.com\/index.php\/wp-json\/wp\/v2\/product\/162","targetHints":{"allow":["GET"]}}],"collection":[{"href":"https:\/\/mw-ethicformation.com\/index.php\/wp-json\/wp\/v2\/product"}],"about":[{"href":"https:\/\/mw-ethicformation.com\/index.php\/wp-json\/wp\/v2\/types\/product"}],"replies":[{"embeddable":true,"href":"https:\/\/mw-ethicformation.com\/index.php\/wp-json\/wp\/v2\/comments?post=162"}],"wp:featuredmedia":[{"embeddable":true,"href":"https:\/\/mw-ethicformation.com\/index.php\/wp-json\/wp\/v2\/media\/282"}],"wp:attachment":[{"href":"https:\/\/mw-ethicformation.com\/index.php\/wp-json\/wp\/v2\/media?parent=162"}],"wp:term":[{"taxonomy":"product_cat","embeddable":true,"href":"https:\/\/mw-ethicformation.com\/index.php\/wp-json\/wp\/v2\/product_cat?post=162"},{"taxonomy":"product_tag","embeddable":true,"href":"https:\/\/mw-ethicformation.com\/index.php\/wp-json\/wp\/v2\/product_tag?post=162"}],"curies":[{"name":"wp","href":"https:\/\/api.w.org\/{rel}","templated":true}]}}