{"id":88,"date":"2022-10-17T16:53:14","date_gmt":"2022-10-17T14:53:14","guid":{"rendered":"https:\/\/mw-ethicformation.com\/?page_id=88"},"modified":"2022-10-17T16:53:14","modified_gmt":"2022-10-17T14:53:14","slug":"recrutement-et-concours","status":"publish","type":"page","link":"https:\/\/mw-ethicformation.com\/index.php\/recrutement-et-concours\/","title":{"rendered":"Recrutement et concours"},"content":{"rendered":"\n<p><strong>Recrutement<\/strong><\/p>\n\n\n\n<p>Conception et \u00e9valuation d\u2019outils de s\u00e9lection.<\/p>\n\n\n\n<p>TESTS brevet\u00e9s ECPA:<\/p>\n\n\n\n<p>#Personnalit\u00e9<\/p>\n\n\n\n<p># Psychologique<\/p>\n\n\n\n<p># Aptitudes professionnelles<\/p>\n\n\n\n<p># Orientation# Comp\u00e9tences<\/p>\n\n\n\n<p># QI<\/p>\n\n\n\n<p><a href=\"http:\/\/www.ecpa.fr\/default.asp\">En savoir plus<\/a><\/p>\n\n\n\n<p>\u00c9laboration et analyse de grille de poste.<\/p>\n\n\n\n<p><strong>ENTRETIENS :<\/strong><\/p>\n\n\n\n<p># Embauche,<\/p>\n\n\n\n<p># Stage,<\/p>\n\n\n\n<p># \u00c9valuation professionnelle<\/p>\n\n\n\n<p><strong>Oral concours<\/strong><\/p>\n\n\n\n<p># Analyse du dossier remis au candidat.<\/p>\n\n\n\n<p># \u00c9laboration d\u2019une grille de s\u00e9lection.<\/p>\n\n\n\n<p># Mise en valeur des caract\u00e9ristiques professionnelles, personnelles et relationnelles du postulant.# Simulation d\u2019entretien.<\/p>\n\n\n\n<p># Gestion du stress de comp\u00e9tition.<\/p>\n","protected":false},"excerpt":{"rendered":"<p>Recrutement Conception et \u00e9valuation d\u2019outils de s\u00e9lection. TESTS brevet\u00e9s ECPA: #Personnalit\u00e9 # Psychologique # Aptitudes professionnelles # Orientation# Comp\u00e9tences # QI En savoir plus \u00c9laboration et analyse de grille de poste. ENTRETIENS : # Embauche, # Stage, # \u00c9valuation professionnelle Oral concours # Analyse du dossier remis au candidat. # \u00c9laboration d\u2019une grille de s\u00e9lection.&hellip; <br \/> <a class=\"read-more\" href=\"https:\/\/mw-ethicformation.com\/index.php\/recrutement-et-concours\/\">Lire la suite<\/a><\/p>\n","protected":false},"author":1,"featured_media":0,"parent":0,"menu_order":0,"comment_status":"closed","ping_status":"closed","template":"","meta":{"footnotes":""},"class_list":["post-88","page","type-page","status-publish","hentry"],"_links":{"self":[{"href":"https:\/\/mw-ethicformation.com\/index.php\/wp-json\/wp\/v2\/pages\/88","targetHints":{"allow":["GET"]}}],"collection":[{"href":"https:\/\/mw-ethicformation.com\/index.php\/wp-json\/wp\/v2\/pages"}],"about":[{"href":"https:\/\/mw-ethicformation.com\/index.php\/wp-json\/wp\/v2\/types\/page"}],"author":[{"embeddable":true,"href":"https:\/\/mw-ethicformation.com\/index.php\/wp-json\/wp\/v2\/users\/1"}],"replies":[{"embeddable":true,"href":"https:\/\/mw-ethicformation.com\/index.php\/wp-json\/wp\/v2\/comments?post=88"}],"version-history":[{"count":1,"href":"https:\/\/mw-ethicformation.com\/index.php\/wp-json\/wp\/v2\/pages\/88\/revisions"}],"predecessor-version":[{"id":89,"href":"https:\/\/mw-ethicformation.com\/index.php\/wp-json\/wp\/v2\/pages\/88\/revisions\/89"}],"wp:attachment":[{"href":"https:\/\/mw-ethicformation.com\/index.php\/wp-json\/wp\/v2\/media?parent=88"}],"curies":[{"name":"wp","href":"https:\/\/api.w.org\/{rel}","templated":true}]}}